 = 2*v**3 + 2*v**2 + 5*v - 7. Let d(u) = -4*f(u) - t(u). What is the units digit of d(-8)?
7
Let r(f) = -2630*f - 1365. What is the units digit of r(-9)?
5
Suppose 0 = 5*d - f - 170, -d + 2*f + 25 = -0*f. Suppose 3*i = -7*i + 590. Let a = i + d. What is the tens digit of a?
9
Let m(h) = -127*h - 36. Let z(g) = -254*g - 71. Let x(f) = 11*m(f) - 6*z(f). What is the units digit of x(4)?
8
Let y be 6/5*((-2)/4 + 3). Suppose 2802 = y*z + 3*z. What is the hundreds digit of z?
4
Let t(n) = -n**3 + 3*n**2 + 5*n - 4. Let b be t(3). Suppose 3*m + b = 2, 2*o = -3*m + 109. Suppose -104*h + o = -103*h. What is the units digit of h?
9
Let o = -11 + 17. Suppose 1256 = 10*u - o*u. What is the units digit of u?
4
Suppose 0*d + 2724 = 3*d. Let s = 1313 - d. What is the units digit of s?
5
Let y be 1497 - (3 - 1)/(-2). Let x(f) = f**3 + 41*f**2 - 91*f - 203. Let a be x(-43). Suppose a*k - 5*k = y. What is the units digit of k?
4
Suppose 2*v + 2*v - 3*k - 25 = 0, 0 = 5*v + 5*k - 75. Suppose 0 = -8*p + v*p - 226. What is the units digit of p?
3
Let t(k) = 10361*k - 1992. What is the tens digit of t(3)?
9
Let f(r) = -192*r - 20. Let v be f(-5). Suppose 4*d - 288 = v. What is the tens digit of d?
0
What is the thousands digit of (((-16)/24)/(-2))/((-1)/(-9687) + 0)?
3
Suppose 46*u - 43*u = -f + 8011, 3*u + 4*f - 7996 = 0. What is the tens digit of u?
7
Let d = 132 - 133. Let y(h) = 219*h**2 + h + 1. What is the tens digit of y(d)?
1
Let a = 713 - 757. What is the units digit of (132/a)/(938/(-468) + 2)?
2
Suppose -82307 - 63619 = -3*r + 34647. What is the hundreds digit of r?
1
Let m(c) = -14*c - 73 + 83 + 38*c**2 - 9*c**2 - c. What is the hundreds digit of m(-4)?
5
Let l(k) = 202*k**2 - 27*k - 137. What is the thousands digit of l(-5)?
5
Suppose -68*i + 65*i + 121370 = -18196. What is the thousands digit of i?
6
Let k = 307 - -60. Suppose 0 = -3*v - 642. Let d = k + v. What is the units digit of d?
3
What is the thousands digit of (-973*(-28)/(-35))/((-24)/1140)?
6
Let o = 207 - 220. Let y = 136 + o. What is the units digit of y?
3
What is the tens digit of (-22 + 20)*(-61725)/10?
4
Let y(s) = -2*s + 156*s**2 + 0 + 5*s - 142*s**2 - 9. Let o be y(5). Suppose -2*l + o = 2*v - 5*v, -4*v - 890 = -5*l. What is the units digit of l?
8
Suppose -4*a - 8 = 0, 0 = -p + 2*p + a - 21. Let t(y) = 7*y - 52. Let n be t(p). Suppose -7*w - n = -8*w. What is the tens digit of w?
0
Let t(b) = -b**3 + 14*b**2 + 6*b + 159. What is the tens digit of t(15)?
2
Suppose -18*z = -22*z + 19144. What is the units digit of z?
6
Let c = 40640 + -20913. What is the tens digit of c?
2
Let l(m) = -71*m - 3. Suppose 4*c + 0*z + 3*z = -5, -2*c - 2*z - 2 = 0. Let a be l(c). Suppose s - 5*r = -s + 87, 3*s - a = -r. What is the units digit of s?
6
Suppose 71*g = 61*g - 230. Let r = 475 + g. What is the hundreds digit of r?
4
Let v = 67560 - 39997. What is the tens digit of v?
6
Let i be (4*1)/((-4)/8). Let p = 8 + i. What is the tens digit of -3 - (-16 - p)*1?
1
Let w(y) = 73*y + 1. Let m be w(7). Let s = m + 37. What is the tens digit of s?
4
Suppose 62 = -5*d + 87. Let r(p) = 4*p**3 + 7*p**2 - p + 15. What is the tens digit of r(d)?
8
Let t(v) = -v**3 - 5*v**2 + 5*v + 29. Suppose 5*q - j - 2*j = -22, -4*j - 9 = q. Let z be t(q). Suppose -z*x + 10*x = 1506. What is the units digit of x?
1
Let h be ((-6)/(-5))/((-3)/(-10)). Let j(o) = -9 + 6*o + h*o + 4*o**2 + 11. What is the tens digit of j(-6)?
8
Suppose 31*x = 30*x, -2*x = 2*g - 86266. What is the hundreds digit of g?
1
Let p(w) = -w**3 - 8*w**2 + 9*w + 1 + 5 - 2 + 2. Let u be p(-9). What is the tens digit of u/3 + 67 + 1?
7
Let y(m) = -m**3 - 19*m**2 + 60*m + 23. Let g be y(-22). Let p = g - -273. What is the hundreds digit of p?
4
Suppose -2*h + 5*l = -33, -3*l = -6*h + h + 92. Suppose -3*z + 88 = -2*n + h, 0 = -2*n. Suppose -3*k + 140 = z. What is the tens digit of k?
3
Let v be (-1)/(-2) + (-8)/(-16). Suppose -2 = -i + v. Let u(b) = b**3 + 2*b**2 - 8*b + 5. What is the tens digit of u(i)?
2
Let a(g) = g**2 + 2*g + 186. Let d be 1480/(-50) + 4/(-10). Let t = d - -30. What is the tens digit of a(t)?
8
Let a be (-3 + 0)/((-84)/(-112)). Let o(t) = -17*t**3 - 11*t - 31. What is the hundreds digit of o(a)?
1
Suppose -4*m = -5*m + 17. Let p(a) = 12 + m - 6*a + 23 + 0. What is the units digit of p(0)?
2
Suppose -3*j - 104 = 2*g, 4*j + g = -48 - 89. Let s = j - -36. Suppose b - 240 = -s*m, 462 = 3*m + b + 104. What is the units digit of m?
8
Let r = -1476 - -2433. Suppose 205*c + r = 206*c. What is the units digit of c?
7
Let o be 1/((-79)/20 - -4). Let w be 0 + 5 - 60/o. Suppose -r + 2*r - w*l = 62, -r = 3*l - 62. What is the units digit of r?
2
What is the ten thousands digit of (-159531)/(-8) + (-1695)/(-2712)?
1
Let s(f) = f**3 + 5*f**2 - 16*f - 6. Let l be s(-7). Suppose -5*a + l*a + 5*q - 1423 = 0, 5*a + 2*q = 2340. What is the hundreds digit of a?
4
Let f(m) = 167*m. Let p(x) = 166*x. Let k(l) = 5*f(l) - 4*p(l). Suppose 3*j - 8 = -2*v, 5*v - 2*v - 2*j + 1 = 0. What is the units digit of k(v)?
1
Let g = -239 + 239. Suppose j = 3*p - 33, p - 11 = 4*j - g. What is the units digit of p?
1
Let k be ((-2 - -2)/(-5))/(3 + -6). Suppose k = 15*g - 1637 - 3733. What is the tens digit of g?
5
Let f be (-1 + 15/(-3))/(-2). Suppose -546 = -f*k + 4*h, 0*h + 2*h = 0. What is the hundreds digit of k?
1
Let q(z) = z**2 - 4*z + 13. Let y(h) = 9 + 4*h + 3*h - 3 + 6*h**2 + h**3. Let j be y(-4). What is the tens digit of q(j)?
7
Let q(f) = 2*f**2 + 17*f + 24. Let w(h) = -3*h + 29. Let v be w(14). Let l be q(v). What is the units digit of (-1 + l)/(1 - 0)?
0
Let t(m) be the third derivative of -89*m**4/12 - 35*m**3/2 + 270*m**2. What is the tens digit of t(-6)?
6
Suppose 3*k - 3*b = 18017 - 653, 0 = -5*b + 20. What is the units digit of k?
2
Let d = -334 + 339. Suppose d*u - 3*b = -699 + 3557, -2*u + 1140 = -2*b. What is the hundreds digit of u?
5
Let h(y) = 1095*y**2 - 23*y - 6. What is the hundreds digit of h(-2)?
4
Suppose 122*w = 55*w + 2246108. What is the hundreds digit of w?
5
What is the tens digit of ((-8)/(-24))/(8/(7 + 770561))?
0
Let g(s) be the third derivative of -97*s**6/60 - s**5/30 + s**3/6 + 24*s**2 - 5*s. Let p(k) = k - 7. Let z be p(6). What is the hundreds digit of g(z)?
1
Let p be (1304/(-12))/(3 + (-55)/15). Let w = 190 - p. What is the tens digit of w?
2
Suppose -3*s - 358 = 3*a + 467, 0 = -s + 5*a - 281. Let o = s - -308. What is the units digit of o?
2
Suppose -10*n + 20 + 80 = 0. What is the units digit of (n/4)/((-43)/(-15222))?
5
Let y be (2613 - 1/(-1)) + -3. Let f = y - 1129. What is the tens digit of f?
8
Let p = 7304 - 754. What is the thousands digit of p?
6
Let p = 5487 - -3343. What is the thousands digit of p?
8
What is the tens digit of 17192/(-12)*264/(-308)?
2
Let v = -131 - -134. Suppose -414 = -s - v*q + 139, -2*s + 1094 = 2*q. What is the tens digit of s?
4
Let s = 169 + -171. What is the units digit of 1*((-3)/s)/(6/1184)?
6
What is the hundreds digit of (-100244)/(-14) - (-14)/(-49)?
1
Suppose -1173 = -3*k + 6378. What is the tens digit of k?
1
Let p(y) be the first derivative of 8*y**3/3 + 2*y**2 + y - 1. Suppose 6550*b - 55 = 6539*b. What is the tens digit of p(b)?
2
Let l(g) = -g**3 - 52*g**2 - 183*g - 3285. What is the ten thousands digit of l(-60)?
3
Let g = 22113 + -7536. What is the tens digit of g?
7
Let n(j) = j**2 + 11*j - 66. Let a be n(-16). Suppose -2*s = -5*k + 989, -a*s - 202 = -k - 15*s. What is the units digit of k?
9
Let w = -662 - -782. Suppose 114*b = w*b - 5826. What is the hundreds digit of b?
9
Let z(h) = -h**2 - 9*h. Let k(u) = -u - 1. Let n(i) = 5*k(i) - z(i). Let t be n(-4). What is the units digit of -5*((-20)/t - 14)?
0
Suppose -2861 = 9*z - 10*z + 20992. What is the units digit of z?
3
Suppose -3*u + 2*q = -899, -4*q - 919 + 317 = -2*u. What is the hundreds digit of u?
2
What is the hundreds digit of (-44904)/(-9) - (-124)/186?
9
Suppose 5*t + 69725 = 5*w, 2*w - 122*t - 27854 = -129*t. What is the ten thousands digit of w?
1
Let i = 246 - -5704. What is the tens digit of i?
5
Let k(c) be the second derivative of -c**3 - c**2 + c. Let r be k(-1). Suppose -2*i - 7 = m - 41, 0 = -r*i - 3*m + 70. What is the units digit of i?
6
Let s = -18331 - -36444. What is the units digit of s?
3
Let s(o) be 